)?
-42
Let w(i) = 17*i**2 + 390*i + 1110. Give w(-20).
110
Let x(k) = -k**3 + 28*k**2 + 3585*k - 52940. Give x(14).
-6
Let f(m) = 428*m + 2079. Calculate f(-5).
-61
Let r(g) = 43*g**2 - 3343*g - 148. Calculate r(78).
710
Let r(c) = -c**3 + 45*c**2 - 33*c + 642. What is r(44)?
1126
Let b(l) = 46*l**2 - 1805*l - 1216. Give b(40).
184
Let t(b) = 8390060*b - 83900608. Determine t(10).
-8
Let o(d) = -50850*d + 457667. Determine o(9).
17
Let o(b) = 3*b**3 - 12*b**2 - 181*b - 1460. Calculate o(-10).
-3850
Let k(r) = -28*r**2 - 6447*r - 37534. What is k(-6)?
140
Let q(p) = -p**3 - 44*p**2 - 508*p + 7. Calculate q(-19).
634
Let o(v) = 875*v - 20676. Give o(23).
-551
Let k(a) = -25*a**2 + 116*a + 118. Give k(-1).
-23
Let a(y) = y**2 - 2282*y + 38505. Give a(17).
0
Let h(s) = -2*s**2 + 101*s - 1317. What is h(17)?
-178
Let r(i) = i**3 + 9*i**2 + 85643*i + 856526. Give r(-10).
-4
Let d(z) = 143632*z + 861801. Calculate d(-6).
9
Let u(i) = 503*i + 46300. What is u(-92)?
24
Let a(y) = -y**3 - 6541*y**2 + 137803*y - 29. Determine a(21).
-8
Let a(b) = -5208*b - 3755. Give a(0).
-3755
Let t(n) = -27*n**2 - 221*n + 37. Give t(-10).
-453
Let o(c) = -c**3 + 37*c**2 + 176*c - 2150. Give o(40).
90
Let b(j) = -j**3 + 712*j**2 + 1457*j + 491858. Calculate b(715).
-62
Let a(n) = -146936*n - 1028739. Give a(-7).
-187
Let l(v) = -53*v**2 + 16323*v + 16718. Calculate l(309).
32
Let v(u) = -3*u**2 - 716*u + 152868. Determine v(136).
4
Let t(z) = 9069*z + 43166. What is t(-5)?
-2179
Let c(z) = 5*z**3 + 39*z**2 + 238*z + 2027. Determine c(-8).
59
Let k(h) = -3052*h - 2343940. What is k(-768)?
-4
Let c(v) = -2*v**2 - 25*v + 792. Determine c(17).
-211
Let n(z) = 4*z**2 - 4075*z + 1028103. Give n(460).
3
Let p(n) = -2732*n - 8184. Determine p(-3).
12
Let u(o) = o**3 + 45*o**2 + 240*o + 273. What is u(-39)?
39
Let d(r) = 84*r**3 - 338*r**2 + 253*r + 86. Give d(1).
85
Let m(t) = 242764*t - 728286. Determine m(3).
6
Let q(u) = 19*u**2 - 91*u - 287. Calculate q(0).
-287
Let s(j) = -950*j - 202346. Determine s(-213).
4
Let s(z) = -124*z**2 - 1946*z - 4344. Give s(-13).
-2
Let b(h) = 628*h**3 + 5658*h**2 + 53*h - 6. Give b(-9).
3
Let v(g) = 129*g + 4698. What is v(-36)?
54
Let s(z) = 2*z**2 - 669*z + 21581. Calculate s(36).
89
Let m(z) = z**3 - 26*z**2 + 1199*z - 14438. Determine m(14).
-4
Let q(c) = -54*c**3 + 15*c**2 - 35*c - 246. Give q(-4).
3590
Let q(s) = s**2 + 315*s + 19342. Give q(-84).
-62
Let t(c) = -2*c**2 - 115*c + 1503. Give t(-68).
75
Let d(z) = -281*z + 25337. What is d(88)?
609
Let o(y) = 108*y**2 + 1493*y + 8923. Calculate o(-6).
3853
Let f(y) = 257*y + 60402. What is f(-235)?
7
Let s(g) = -4313*g - 64569. What is s(-15)?
126
Let r(g) = 49*g**2 + 126*g + 85. Calculate r(-1).
8
Let l(h) = -h**2 - 2007*h - 47917. Calculate l(-24).
-325
Let h(s) = -s**3 + 14*s**2 + 21*s - 183. Give h(-6).
411
Let s(o) = o**2 - 884*o - 206558. Determine s(-192).
34
Let w(p) = -2*p**3 - 4*p**2 - 4025*p - 8044. Calculate w(-2).
6
Let n(s) = -s**2 - 768*s + 14042. Calculate n(18).
-106
Let y(z) = 5*z**2 - 396*z - 1335. Determine y(84).
681
Let i(j) = -37079*j + 9121422. Give i(246).
-12
Let t(a) = -a**2 + 522*a + 6948. Calculate t(535).
-7
Let k(y) = 4*y**2 - 173*y - 2052. Calculate k(53).
15
Let l(x) = 3*x**3 - 31*x**2 + 84*x + 64. Give l(7).
162
Let a(k) = 2*k**2 - 485*k - 112375. Give a(-145).
0
Let v(a) = 4*a**3 + 19*a**2 - 38*a + 185. What is v(-7)?
10
Let h(y) = 2*y**3 - 787*y**2 - 4377*y - 4689. Determine h(399).
99
Let g(z) = 35*z**3 + z**2 + 1272*z - 1274. Give g(1).
34
Let a(k) = k**3 + 34*k**2 + 90*k - 311. Calculate a(-7).
382
Let m(w) = -w**3 + 37*w**2 - 35*w - 44. Determine m(2).
26
Let t(z) = -z**3 - 5*z**2 - 388*z - 2794. Determine t(-7).
20
Let z(q) = 3*q**3 + 291*q**2 + 572*q + 900. What is z(-95)?
710
Let k(w) = 30*w**2 - 15*w - 43883. What is k(-38)?
7
Let z(n) = 1801*n + 7283. Calculate z(-4).
79
Let b(d) = -2720009*d + 2720029. What is b(1)?
20
Let j(o) = -4*o**3 + o**2 + 4*o + 42. Give j(7).
-1253
Let h(x) = -x**3 + 111*x**2 + 440*x - 16. Calculate h(-4).
64
Let r(b) = 1004*b - 910592. Give r(907).
36
Let m(a) = -4388*a + 39491. Determine m(9).
-1
Let y(a) = 2*a**3 - 937*a**2 - 492*a + 10785. Calculate y(469).
-2
Let l(h) = -h**3 - 36*h**2 - 234*h - 181. What is l(-28)?
99
Let w(h) = 5*h**2 - 1142*h + 11510. Calculate w(10).
590
Let w(x) = -77*x**2 - 16461*x - 80389. Give w(-5).
-9
Let i(w) = -34*w**2 - 1171*w + 62544. Calculate i(29).
-9
Let y(o) = o**2 - 521*o - 15386. Give y(549).
-14
Let a(w) = -330*w - 815. Calculate a(0).
-815
Let y(u) = 95611*u - 1434177. Determine y(15).
-12
Let q(s) = -15*s**2 + 271*s + 6. Give q(9).
1230
Let o(w) = 21463*w - 85798. What is o(4)?
54
Let o(k) = -14*k**2 - 13135*k - 117078. What is o(-9)?
3
Let k(m) = m**3 - 38*m**2 + 255*m - 136. What is k(7)?
130
Let y(f) = -348*f + 633. Give y(2).
-63
Let x(l) = l**3 - 27*l**2 - 230*l + 735. Give x(34).
1007
Let d(z) = 576*z + 54424. What is d(-100)?
-3176
Let z(g) = 2*g**2 - 10*g - 364. Calculate z(31).
1248
Let q(u) = -29*u**3 + 4*u**2 - 322*u + 319. Determine q(1).
-28
Let t(k) = 872*k**2 + 115*k + 110. What is t(-1)?
867
Let r(t) = -8313*t - 8090. Give r(-1).
223
Let n(m) = 51609*m - 206434. What is n(4)?
2
Let u(q) = 2*q**2 - 1157*q - 24016. Calculate u(-20).
-76
Let y(l) = l**2 - 5711*l - 57147. Determine y(-10).
63
Let n(i) = 6*i**2 - 339*i + 3307. Determine n(44).
7
Let o(s) = 567*s**2 - 288*s - 284. Give o(-1).
571
Let c(t) = 2845*t + 1493633. Give c(-525).
8
Let f(x) = x**3 + 116*x**2 + 245*x + 1961. Give f(-114).
23
Let i(c) = c**3 - 22*c**2 - 36*c + 63. What is i(24)?
351
Let s(x) = 122*x**2 + 636*x + 1949. Give s(-3).
1139
Let y(t) = 857*t**2 + 202257*t + 1162. What is y(-236)?
-18
Let q(b) = -12*b**2 - 309*b + 158. What is q(-26)?
80
Let y(i) = -72616*i + 653575. What is y(9)?
31
Let z(c) = -619*c**2 - 13*c + 22. Calculate z(1).
-610
Let x(l) = -391*l**2 + 47309*l + 243. Determine x(121).
1
Let o(b) = -4*b**2 + 2209*b - 58706. Give o(28).
10
Let q(a) = -a**3 - 55*a**2 - 8*a - 3517. Calculate q(-56).
67
Let y(o) = o**2 - 252*o + 8911. What is y(210)?
91
Let w(f) = 1552091*f + 1552082. Calculate w(-1).
-9
Let o(j) = 427205*j - 21360250. Determine o(50).
0
Let g(i) = -i**3 + i**2 - 192*i - 1428. Determine g(-7).
308
Let y(h) = -3*h**2 + 1495*h + 13615. What is y(-9)?
-83
Let a(t) = t**3 - 342*t**2 + 28831*t + 1494. Give a(151).
-16
Let c(d) = -d**3 - 11*d**2 + 187084*d + 1683905. Calculate c(-9).
-13
Let u(f) = -8261*f - 57670. What is u(-7)?
157
Let h(o) = -708566*o - 2834289. Give h(-4).
-25
Let m(q) = -46403*q - 92768. What is m(-2)?
38
Let f(p) = 17*p**2 - 404*p - 2065. Give f(-5).
380
Let i(t) = -3*t**3 + 30*t**2 - 24*t + 57. What is i(12)?
-1095
Let b(y) = y**3 + 276*y**2 - 121*y + 120910. What is b(-278)?
-20
Let a(t) = -45*t**2 + 294*t + 1489. Calculate a(-5).
-1106
Let t(m) = -57705*m - 577049. Determine t(-10).
1
Let h(f) = 36*f - 19. Determine h(4).
125
Let q(y) = -1125*y - 44987. Determine q(-40).
13
Let a(b) = -19517*b + 234075. What is a(12)?
-129
Let r(l) = 419*l + 21666. What is r(-51)?
297
Let c(x) = -237022*x + 711094. Give c(3).
28
Let j(v) = 5*v**2 + 11849*v + 258251. Calculate j(-22).
-7
Let m(r) = 2164*r**2 + 25945*r - 319. Give m(-12).
-43
Let i(h) = h**2 + 59*h - 2980. Determine i(37).
572
Let z(k) = -2*k**3 - 12875*k**2 + 25747*k - 5. Give z(2).
-27
Let v(k) = 841*k - 57764. Calculate v(69).
265
Let g(m) = -7527*m - 240783. Determine g(-32).
81
Let s(y) = 144*y**2 + 247*y - 64. Determine s(-2).
18
Let k(x) = 28*x**2 - 5662*x + 1207. Calculate k(202).
-5
Let x(h) = 3*h**3 + 15*h**2 - 9. Give x(-5).
-9
Let g(t) = 17*t**3 - 596*t**2 - 101*t + 4635. Give g(35).
-125
Let t(o) = -1017*o + 12138. Give t(12).
-66
Let l(y) = 10*y**2 - 428*y + 4469. Determine l(18).
5
Let o(v) = -99*v**3 - 979*v**2 + 101*v + 3. Calculate o(-10).
93
Let d(c) = -12982*c + 129810. Determine d(10).
-10
Let h(n) = 2*n**2 - 71*n + 390. Determine h(6).
36
Let i(w) = 1018*w**2 + 97723*w - 488. Give i(-96).
-8
Let j(g) = 5743*g + 1188564. Determine j(-207).
-237
Let t(y) = 135490*y - 3. Give t(0).
-3
Let q(o) = 5*o**2 + 7*o + 146. Calculate q(13).
1082
Let w(p) = 4*p**2 - 693*p + 14952. Determine w(148).
4
Let c(r) = -2*r**3 - 6*r**2 + 1514*r - 13638. Give c(18).
6
Let b(g) = -g**2 + 1